2. Let l be q(3). Let c = l - -45. What is the remainder when f(-6) is divided by c?
20
Let m(n) = -n - 2. Let b be m(-6). Let l be b/((-3*2)/(-3)). Suppose l*z - 45 = -3*z. Calculate the remainder when z is divided by 5.
4
Let x(p) = -p**2 + 6*p + 7. Let z be -1 - 1 - 12/(-4). Let h be 2 - z/((-2)/6). What is the remainder when 35 is divided by x(h)?
11
Suppose 4*m = 5*v + 25 - 5, 4 = -v. Suppose -6*h + 10 = -h - 2*l, 4*h + l - 8 = m. What is the remainder when 3 is divided by h?
1
Let y(h) = -2*h**3 - h - 1. Let m(x) = -x + 1. Let o be m(3). What is the remainder when y(o) is divided by 9?
8
Suppose 54 = -2*l + 6*l + q, -50 = -4*l - 3*q. Let v(w) = w**3 - 2*w**2 - 2*w + 3. Calculate the remainder when v(4) is divided by l.
13
Suppose -4*c = -c - 6. Calculate the remainder when (8/(-16))/(c/(-172)) is divided by 22.
21
Suppose 0*k + x = 5*k + 14, 3*k = x - 10. Let n(z) = -2*z - 23. What is the remainder when n(-14) is divided by (1 - k)/((-6)/(-4))?
1
Let s be (-32)/2*7/(-4). Suppose 4*w = h + 46, -2*h + s = 2*w - 0*h. Suppose -3*r + 4*r = w. What is the remainder when 23 is divided by r?
11
Suppose -2*x + 76 = -x + 5*m, -194 = -4*x + 2*m. What is the remainder when x is divided by 27?
24
Let w(r) = -r**3 + 5*r**2 - 2*r - 5. Suppose 0*j = 3*k - 3*j + 3, 37 = 3*k + 5*j. What is the remainder when 8 is divided by w(k)?
2
Suppose -54 - 42 = -5*a + 2*c, -a - 3*c + 26 = 0. What is the remainder when 58 is divided by a?
18
Suppose 5 = c + 1, -5*n - 2*c = -23. What is the remainder when (6/(-15))/((-1)/10) is divided by n?
1
Suppose 0 = 4*i - 2*u - 6, -4*i = 4*u - 16 + 4. Let b(p) = p**2. Let d be b(i). What is the remainder when 19 is divided by (-75)/(-6) + (-6)/d?
8
Let o(m) = 4*m**3 - 2*m**2 + 1. Let l = -4 + 7. Suppose l*h - 14 = -4*u, h = -3*u + 6*h + 25. Calculate the remainder when u is divided by o(1).
2
Let p(k) = -k**2 - 16*k - 20. What is the remainder when p(-8) is divided by 12?
8
Let b = -37 + 25. Let t be ((-10)/(-3))/((-8)/b). Suppose g - 11 = -4*u + 2*u, 5*g = t*u + 10. What is the remainder when 13 is divided by g?
3
Suppose -270 = w - 7*w. Calculate the remainder when w is divided by 12.
9
Let t(j) = 2*j**3 - j**2 - j + 2. What is the remainder when 14 is divided by t(1)?
0
Let t(f) = 12*f**3 - 2*f + 1. Let o(k) = k**2 + k + 1. Let m be o(0). What is the remainder when t(m) is divided by 3?
2
Let w = 226 + -101. Calculate the remainder when w is divided by 33.
26
Suppose 0*y - y + 4 = 0. What is the remainder when 39 is divided by 46/y - 30/20?
9
Let c(u) = u**3 + 8*u**2 + 3*u - 2. Suppose 7*a = 6*a - 7. What is the remainder when c(a) is divided by 7?
5
Let o = -15 - -41. Let b(r) = -r + 1. Calculate the remainder when o is divided by b(-6).
5
Suppose -s - c - 4 = 0, -3*c - 14 = 4*s - 0*c. What is the remainder when (99/6)/(s/(-4)) is divided by 18?
15
Let v(q) = -7*q**2 - 4*q - 13. Let r(y) = 3*y**2 + 2*y + 6. Let c(b) = -13*r(b) - 6*v(b). Calculate the remainder when c(2) is divided by 3.
2
Let n be (10/(-6))/(6/108). Let d = n - 161. What is the remainder when d/(-7) - 14/49 is divided by 15?
12
Let a be (-1)/2*3*-12. Suppose 0 = l + 2*l - 48. Calculate the remainder when l is divided by (a/8)/((-9)/(-24)).
4
Suppose c + 0*c + 2 = 0. Let q = 0 - c. What is the remainder when (6/5)/((-12)/(-30)) is divided by q?
1
Suppose -1 = 2*l + 1. What is the remainder when 58 is divided by (-20)/(-1 + -1 - l)?
18
Suppose 0 = 3*r - 30 - 72. Suppose i = -4*g + 29, 5*g = -3*i + 4*i + r. Calculate the remainder when g is divided by 3.
1
Suppose 3*r = -r - 28. Let l = r + 20. Calculate the remainder when (23 - 1) + (-15)/(-5) is divided by l.
12
Let r = -51 - -74. What is the remainder when r is divided by 8?
7
Let l(j) = j**2 + 3*j - 4. Let i be l(-4). Suppose i = -t - 0*t + 13. What is the remainder when 37 is divided by t?
11
Let n = -11 + 15. Let s(r) = r**3 - 4*r**2 + 2*r + 5. What is the remainder when 23 is divided by s(n)?
10
Let d(x) = -x**2 - 9*x - 8. What is the remainder when d(-6) is divided by 6?
4
Suppose -u + 6*k = 2*k - 7, 0 = -5*u + 2*k + 107. Calculate the remainder when u is divided by 9.
5
Let h(s) = 4*s + 5. Let w be h(-5). Let l = 21 + w. Suppose -u = -g + l + 3, 4*g - u = 24. Calculate the remainder when 8 is divided by g.
3
Suppose 0 = -0*k + 2*k - 34. What is the remainder when (18/4)/(((-75)/220)/(-5)) is divided by k?
15
Let k = -7 - -31. Let s = -12 + k. What is the remainder when 46 is divided by s?
10
Suppose 0 = -3*h + 12, 2*q + 2*h - 1 = 11. What is the remainder when 7 is divided by q?
1
Suppose 0 = -5*v + 34 + 176. Let u = 44 - 22. What is the remainder when v is divided by u?
20
Let y(t) = 3*t - 2. Let f(z) = 4*z + 43. Calculate the remainder when f(-9) is divided by y(2).
3
Let i = -8 - -16. What is the remainder when 30 is divided by i?
6
Let a = 79 + -69. Let s(f) = 6*f + 3. Calculate the remainder when s(6) is divided by a.
9
Suppose 3*k - 2*b - 65 = -2*k, -3*k = 4*b - 65. Suppose -k = -5*i + 30. Suppose 31 = 4*r - i. Calculate the remainder when 29 is divided by r.
9
Suppose 4*i + 3 = -l + 1, 6 = 4*l + 2*i. Suppose -4*c + 32 = -l*c. What is the remainder when 47 is divided by c?
15
Suppose -3*f = -4*j + 25, -5*f - 16 = -f - j. Let c be (0 + 4/6)*9. Let d = c + f. What is the remainder when d is divided by 2?
1
Calculate the remainder when 118 is divided by (-415)/(-25) + (-4)/30*-3.
16
Suppose -5*z - o = -195, -o = -4*z - 0*o + 156. What is the remainder when z is divided by 24?
15
Suppose 16 = s + w, -2*s - 2*s - w + 73 = 0. Suppose -k + 103 = 2*a + 4*k, 2*a - 2*k = 110. What is the remainder when a is divided by s?
16
Suppose -2*q + 3*a = 8*a - 41, -4*q + 46 = -2*a. Suppose 3*b + 3*y = 4*y + 13, 5*b - 35 = -5*y. Calculate the remainder when q is divided by b.
3
Calculate the remainder when (11/(-33))/((-1)/45) is divided by 3.
0
Let a(o) = 2*o**2 + o - 2. What is the remainder when 23 is divided by a(-2)?
3
Suppose -3*s - 3*k + 20 = 2*k, -3*k = -2*s - 12. Let p(j) = -2 - j + 1 + s. What is the remainder when 7 is divided by p(-5)?
3
Let w(u) = 2*u**2 + u - 8. Let j be w(6). Let t = 23 + -8. What is the remainder when (-2)/(-3)*(j + -4) is divided by t?
14
Let y = 25 - 12. What is the remainder when y is divided by 8?
5
Let l(r) = -r - 15. Let z be l(-7). Let n be z/(-28) - 110/(-7). Let d = n + -10. What is the remainder when 17 is divided by d?
5
Suppose 0 = 5*k + 3*g - g + 26, 12 = -3*k - 3*g. Let f be (2/k)/(1/(-6)). Suppose -8 + f = -3*l. Calculate the remainder when l is divided by 1.
0
Suppose -4*i - 4*p = -100, 3*p = -3*i - 2*p + 69. Calculate the remainder when 83 is divided by i.
27
Let j(b) be the third derivative of b**5/15 + 2*b**2. Let m(n) = -n**3 + 9*n**2 + 2*n + 1. Calculate the remainder when j(3) is divided by m(9).
17
Let y(q) = 2*q + q**2 - 1 + 0 + 5*q**3 - 3*q**2. Suppose -8*t = -5*t - 6, 3*b + 4*t - 26 = 0. Calculate the remainder when b is divided by y(1).
2
Let y(d) = -19*d**3 - d**2. Let g be y(-1). Suppose -g = o - 2*o. Let x = o - 13. What is the remainder when 8 is divided by x?
3
Let n(i) = 7*i**2 + 6*i + 4. What is the remainder when 77 is divided by n(-2)?
17
Let n = -16 + 27. What is the remainder when n is divided by 0/(-2) - 0 - -4?
3
Suppose 4*v + v = 170. Let x be 133/(-49) - 4/14. Let p = 15 - x. What is the remainder when v is divided by p?
16
Let n(t) = -t**2 + 5*t + 8. Calculate the remainder when n(5) is divided by 5.
3
Let f(d) = -3*d + 7. Let s be f(-6). Suppose -4*n + s = n. What is the remainder when n is divided by 2?
1
Suppose l - 24 = 5*l. Let o = 6 - l. What is the remainder when 23 is divided by o?
11
Suppose 2*t = -2*t + 16. Suppose -2*j - t*v - v = -81, 145 = 5*j + v. Suppose 0*u + 75 = 5*u. Calculate the remainder when j is divided by u.
13
Let v = 31 + -12. What is the remainder when 71 is divided by v?
14
Let u(q) = -q**2 - 5*q + 4. Let s be u(-5). Let v be (24/(-9) - -3)*(0 + 0). Suppose s*w + 0*w - 72 = v. Calculate the remainder when 52 is divided by w.
16
Suppose 165 + 96 = 3*b. Suppose -61 = -2*a + q, 2*a - b = -a - 3*q. What is the remainder when a is divided by 11?
8
Suppose 5*q - 5 = 55. Calculate the remainder when (2 + (-6 - -3))*-34 is divided by q.
10
Suppose 0 = 4*u + 2*v - 72, 3*u + 4*v + 8 = 52. Let y = -30 + 84. Let f = y - -